{"id":58,"date":"2021-08-25T16:30:14","date_gmt":"2021-08-25T14:30:14","guid":{"rendered":"https:\/\/developpement-durable-toulouse.com\/?page_id=58"},"modified":"2022-12-07T16:48:13","modified_gmt":"2022-12-07T15:48:13","slug":"acteurs-developpement-durable","status":"publish","type":"page","link":"https:\/\/developpement-durable-toulouse.com\/index.php\/acteurs-developpement-durable\/","title":{"rendered":"Qui sont les diff\u00e9rents acteurs du d\u00e9veloppement durable ?"},"content":{"rendered":"\n<p>Dans la course au d\u00e9veloppement durable, chacun a un r\u00f4le \u00e0 jouer. Entreprises, citoyens, collectivit\u00e9s locales, associations\u2026 Dans cet article je vous montre l\u2019importance que tout le monde puisse se mobiliser pour permettre un changement r\u00e9el et efficient.<\/p>\n\n\n\n<ul><li>En savoir plus sur mes<a href=\"\/\"> d\u00e9marches dans le d\u00e9veloppement durable \u00e0 Toulouse.<\/a>  <\/li><\/ul>\n\n\n\n<div class=\"wp-block-image is-style-rounded\"><figure class=\"aligncenter size-large\"><img loading=\"lazy\" width=\"1024\" height=\"737\" src=\"https:\/\/developpement-durable-toulouse.com\/wp-content\/uploads\/2021\/08\/sigmund-YUuSAJkS3U4-unsplash-1-1024x737.jpg\" alt=\"\" class=\"wp-image-61\" srcset=\"https:\/\/developpement-durable-toulouse.com\/wp-content\/uploads\/2021\/08\/sigmund-YUuSAJkS3U4-unsplash-1-1024x737.jpg 1024w, https:\/\/developpement-durable-toulouse.com\/wp-content\/uploads\/2021\/08\/sigmund-YUuSAJkS3U4-unsplash-1-300x216.jpg 300w, https:\/\/developpement-durable-toulouse.com\/wp-content\/uploads\/2021\/08\/sigmund-YUuSAJkS3U4-unsplash-1-768x552.jpg 768w, https:\/\/developpement-durable-toulouse.com\/wp-content\/uploads\/2021\/08\/sigmund-YUuSAJkS3U4-unsplash-1-1536x1105.jpg 1536w, https:\/\/developpement-durable-toulouse.com\/wp-content\/uploads\/2021\/08\/sigmund-YUuSAJkS3U4-unsplash-1-1568x1128.jpg 1568w, https:\/\/developpement-durable-toulouse.com\/wp-content\/uploads\/2021\/08\/sigmund-YUuSAJkS3U4-unsplash-1.jpg 1920w\" sizes=\"(max-width: 1024px) 100vw, 1024px\" \/><\/figure><\/div>\n\n\n\n<h2>Les entreprises<\/h2>\n\n\n\n<p>Les entreprises doivent selon moi devenir \u00e0 plus ou moins long terme <strong>des acteurs majeurs dans la mise en \u0153uvre des principes du d\u00e9veloppement durable<\/strong> en mettant en place par exemple davantage ces pratiques :<\/p>\n\n\n\n<ul><li>privil\u00e9gier l\u2019impression sur papier recycl\u00e9 et en recto-verso,<\/li><li>recycler les d\u00e9chets,<\/li><li>faire du b\u00e9n\u00e9volat,<\/li><li>former ses collaborateurs \u00e0 l\u2019\u00e9cologie,<\/li><li>r\u00e9duire ses d\u00e9penses \u00e9nerg\u00e9tiques.<\/li><\/ul>\n\n\n\n<h2>Les citoyens<\/h2>\n\n\n\n<p>Vous et moi, en tant que citoyens, avons un r\u00f4le essentiel \u00e0 jouer dans le d\u00e9veloppement durable. Tout \u00e0 chacun, nous pouvons contribuer \u00e0 <strong>un monde plus \u00e9coresponsable en mettant en place dans nos habitudes des gestes simples au quotidien<\/strong> : prendre les transports en commun plut\u00f4t que la voiture, r\u00e9duire la temp\u00e9rature de son chauffage d\u20191 \u00b0C, acheter d\u2019occasion\u2026<\/p>\n\n\n\n<p>Nous pouvons \u00e9galement <strong>sensibiliser nos proches <\/strong>\u00e0 ce sujet et ainsi contribuer un peu plus chaque jour \u00e0 la pratique des bons gestes \u00e0 adopter, si nous voulons vraiment faire changer les choses.<\/p>\n\n\n\n<h2>Les collectivit\u00e9s locales<\/h2>\n\n\n\n<p>Connaissez-vous<strong> l\u2019Agenda 21 <\/strong>? Il s\u2019agit d\u2019un programme d\u2019action pour le d\u00e9veloppement durable au XXIe si\u00e8cle qui a \u00e9t\u00e9 adopt\u00e9 lors du <strong>Sommet de la Terre de Rio, en 1992.<\/strong> L\u2019Agenda 21 se compose de 27 principes, parmi lesquels on retrouve le d\u00e9veloppement durable, et qui accorde une place particuli\u00e8re aux territoires. Son chapitre 28 est particuli\u00e8rement int\u00e9ressant puisqu\u2019il d\u00e9finit un objectif en particulier : celui de d\u00e9cliner les principes du d\u00e9veloppement durable au niveau des collectivit\u00e9s locales (r\u00e9gions, d\u00e9partements, communes, communaut\u00e9s de communes, communaut\u00e9s d\u2019agglom\u00e9ration\u2026), via des agendas 21 locaux.<\/p>\n\n\n\n<p>Sous ce label, les collectivit\u00e9s peuvent <strong>lancer de nouveaux plans d\u2019urbanisme, r\u00e9fl\u00e9chir \u00e0 leur gestion des d\u00e9chets, leurs politiques touristiques ou des transports.<\/strong><\/p>\n\n\n\n<h2>Les associations<\/h2>\n\n\n\n<p>Gr\u00e2ce \u00e0 leurs convictions et leurs d\u00e9marches humanitaires,<strong> les ONG et associations participent grandement au d\u00e9veloppement durable. <\/strong>Elles permettent de faire avancer les choses et <strong>de faire \u00e9voluer les mentalit\u00e9s en mati\u00e8re de protection de l\u2019environnement ou toute autre cause admirable.<\/strong><\/p>\n","protected":false},"excerpt":{"rendered":"<p>Dans la course au d\u00e9veloppement durable, chacun a un r\u00f4le \u00e0 jouer. Entreprises, citoyens, collectivit\u00e9s locales, associations\u2026 Dans cet article je vous montre l\u2019importance que tout le monde puisse se mobiliser pour permettre un changement r\u00e9el et efficient. En savoir plus sur mes d\u00e9marches dans le d\u00e9veloppement durable \u00e0 Toulouse. Les entreprises Les entreprises doivent&hellip; <a class=\"more-link\" href=\"https:\/\/developpement-durable-toulouse.com\/index.php\/acteurs-developpement-durable\/\">Poursuivre la lecture <span class=\"screen-reader-text\">Qui sont les diff\u00e9rents acteurs du d\u00e9veloppement durable ?<\/span><\/a><\/p>\n","protected":false},"author":3,"featured_media":0,"parent":0,"menu_order":0,"comment_status":"closed","ping_status":"closed","template":"","meta":[],"_links":{"self":[{"href":"https:\/\/developpement-durable-toulouse.com\/index.php\/wp-json\/wp\/v2\/pages\/58"}],"collection":[{"href":"https:\/\/developpement-durable-toulouse.com\/index.php\/wp-json\/wp\/v2\/pages"}],"about":[{"href":"https:\/\/developpement-durable-toulouse.com\/index.php\/wp-json\/wp\/v2\/types\/page"}],"author":[{"embeddable":true,"href":"https:\/\/developpement-durable-toulouse.com\/index.php\/wp-json\/wp\/v2\/users\/3"}],"replies":[{"embeddable":true,"href":"https:\/\/developpement-durable-toulouse.com\/index.php\/wp-json\/wp\/v2\/comments?post=58"}],"version-history":[{"count":4,"href":"https:\/\/developpement-durable-toulouse.com\/index.php\/wp-json\/wp\/v2\/pages\/58\/revisions"}],"predecessor-version":[{"id":78,"href":"https:\/\/developpement-durable-toulouse.com\/index.php\/wp-json\/wp\/v2\/pages\/58\/revisions\/78"}],"wp:attachment":[{"href":"https:\/\/developpement-durable-toulouse.com\/index.php\/wp-json\/wp\/v2\/media?parent=58"}],"curies":[{"name":"wp","href":"https:\/\/api.w.org\/{rel}","templated":true}]}}